{"id":6,"date":"2015-01-20T00:39:24","date_gmt":"2015-01-20T00:39:24","guid":{"rendered":"http:\/\/pexetothemes.com\/demos\/story_demos\/business\/?page_id=5"},"modified":"2021-06-09T16:50:14","modified_gmt":"2021-06-09T16:50:14","slug":"hem","status":"publish","type":"page","link":"https:\/\/nordicpanel.com\/suomi\/","title":{"rendered":"Kotiin"},"content":{"rendered":"<div class=\"section-full-width section-light2\" style=\"background-color:#f7f7f7;\" id=\"3-vaihe\"><div class=\"section-boxed\" style=\"color:#777777;\"><h2 class=\"section-title\" style=\"color:#252525;\">3-VAIHE<\/h2><\/p>\n<h5 style=\"text-align: center;\"><\/h5>\n<h5><\/h5>\n<div class=\"services-wrapper services-icon cols-wrapper cols-3 pexeto-parallax\"><div class=\"services-box col\"><div class=\"img-container\"><img decoding=\"async\" src=\"https:\/\/nordicpanel.com\/suomi\/wp-content\/uploads\/2017\/03\/register-130x130.png\" alt=\"Vastaa kyselyihin\"\/><\/div><div class=\"services-content\"><div class=\"sc-wraper\"><h3>Vastaa kyselyihin<\/h3><p>Paneelin j\u00e4senen\u00e4 sinut kutsutaan erilaisiin kyselyihin s\u00e4hk\u00f6postitse. Tutkimukset voivat tulla Nepasta, Schibstedbolagenilta tai muilta pelaajilta. Kyselyt voivat koskea kaikkea kokemuksestasi Schibstedin eri sivustoista siihen, miten koet mainonnan ja erilaiset tuotemerkit.<\/p><\/div><\/div><\/div><div class=\"services-box col\"><div class=\"img-container\"><img decoding=\"async\" src=\"https:\/\/nordicpanel.com\/suomi\/wp-content\/uploads\/2017\/03\/survey-130x130.png\" alt=\"Palkitse\"\/><\/div><div class=\"services-content\"><div class=\"sc-wraper\"><h3>Palkitse<\/h3><p>Vastaamalla kyselyihin ker\u00e4\u00e4t pisteit\u00e4, jotka n\u00e4kyv\u00e4t henkil\u00f6kohtaisella paneelitilill\u00e4si. Voit vaihtaa pisteet arvotarkistuksiin tai k\u00e4ytt\u00e4\u00e4 niit\u00e4 lahjoittaaksesi rahaa hyv\u00e4ntekev\u00e4isyyteen. T\u00e4\u00e4lt\u00e4 l\u00f6yd\u00e4t tietoa siit\u00e4, miten voit k\u00e4ytt\u00e4\u00e4 pisteit\u00e4, joita saat vastaamalla kyselyihin. N\u00e4et, kuinka monta pistett\u00e4 olet ker\u00e4nnyt paneelitilill\u00e4si.<\/p><\/div><\/div><\/div><div class=\"services-box col nomargin\"><div class=\"img-container\"><img decoding=\"async\" src=\"https:\/\/nordicpanel.com\/suomi\/wp-content\/uploads\/2017\/03\/reward-130x130.png\" alt=\"Tietosi ja profiilisi\"\/><\/div><div class=\"services-content\"><div class=\"sc-wraper\"><h3>Tietosi ja profiilisi<\/h3><p>Suunnittelemaan kyselyt oikealle kohderyhm\u00e4lle k\u00e4yt\u00e4mme henkil\u00f6tietoja, jotka olet rekister\u00f6inyt paneelitilillesi, ohjaamaan asiaankuuluvia kyselyj\u00e4 sinulle. Tietoja sinusta tai vastauksiasi kyselyiss\u00e4 ei koskaan k\u00e4ytet\u00e4 markkinoinnin kohdistamiseen sinulle.<\/p><\/div><\/div><\/div><div class=\"clear\"><\/div><\/div>\n<p>\n<\/div><\/div>\n<div class=\"section-full-width section-dark parallax-fixed\" style=\"background-color:#252525;\" id=\"nordic-panel\"><div style=\"background-image:url(https:\/\/nordicpanel.com\/suomi\/wp-content\/uploads\/2017\/03\/banner-3.jpg); opacity:0.5; filter: alpha(opacity=50);\" class=\"full-bg-image\" ><\/div><div class=\"section-boxed\" style=\"color:#ffffff;\"><h2 class=\"section-title\" style=\"color:#ffffff;\">nordic-panel<\/h2><p>&nbsp;<\/p>\n<p><center><\/p>\n<section id=\"cint_portal\">\n    <noscript>Please enable JavaScript to view the panelist portal<\/noscript><br \/>\n<\/section>\n<p><script>\n    function cint_config() {\n        this.panelGuid = \"37cf8959-0921-4499-ac50-54e743a43370\";\n    };\n<\/script><br \/>\n<script src=\"https:\/\/panelist.cint.com\/assets\/embed.min.js\"><\/script><br \/>\n<\/center><\/p>\n<\/div><\/div>\n","protected":false},"excerpt":{"rendered":"","protected":false},"author":1,"featured_media":410,"parent":0,"menu_order":0,"comment_status":"open","ping_status":"open","template":"template-full-custom.php","meta":{"footnotes":""},"class_list":["post-6","page","type-page","status-publish","has-post-thumbnail","hentry"],"_links":{"self":[{"href":"https:\/\/nordicpanel.com\/suomi\/wp-json\/wp\/v2\/pages\/6"}],"collection":[{"href":"https:\/\/nordicpanel.com\/suomi\/wp-json\/wp\/v2\/pages"}],"about":[{"href":"https:\/\/nordicpanel.com\/suomi\/wp-json\/wp\/v2\/types\/page"}],"author":[{"embeddable":true,"href":"https:\/\/nordicpanel.com\/suomi\/wp-json\/wp\/v2\/users\/1"}],"replies":[{"embeddable":true,"href":"https:\/\/nordicpanel.com\/suomi\/wp-json\/wp\/v2\/comments?post=6"}],"version-history":[{"count":5,"href":"https:\/\/nordicpanel.com\/suomi\/wp-json\/wp\/v2\/pages\/6\/revisions"}],"predecessor-version":[{"id":537,"href":"https:\/\/nordicpanel.com\/suomi\/wp-json\/wp\/v2\/pages\/6\/revisions\/537"}],"wp:featuredmedia":[{"embeddable":true,"href":"https:\/\/nordicpanel.com\/suomi\/wp-json\/wp\/v2\/media\/410"}],"wp:attachment":[{"href":"https:\/\/nordicpanel.com\/suomi\/wp-json\/wp\/v2\/media?parent=6"}],"curies":[{"name":"wp","href":"https:\/\/api.w.org\/{rel}","templated":true}]}}