{"id":438,"date":"2018-05-22T04:57:58","date_gmt":"2018-05-22T04:57:58","guid":{"rendered":"https:\/\/nordicpanel.com\/suomi\/?page_id=438"},"modified":"2021-06-09T16:44:28","modified_gmt":"2021-06-09T16:44:28","slug":"henkilotietosi","status":"publish","type":"page","link":"https:\/\/nordicpanel.com\/suomi\/henkilotietosi\/","title":{"rendered":"Henkil\u00f6tietosi"},"content":{"rendered":"<h2><b>TIETOSI<\/b><br \/><\/h2>\n<p>Kiitos kiinnostuksestasi Nordic Panel-paneelia kohtaan. Paneelin j\u00e4senyytesi tarjoaa mahdollisuuden todelliseen vaikuttamiseen ja osallistumiseen t\u00e4rkeiden p\u00e4\u00e4t\u00f6sten tekemiseen sek\u00e4 Nepan ett\u00e4 muidenkin yritysten kohdalla. Nordic Panel-paneelin j\u00e4senyys on maksutonta. Sinun ei ole pakko osallistua, mutta voit auttaa meit\u00e4 kehittym\u00e4\u00e4n vapaaehtoispohjalta \u2013 mist\u00e4 olemme eritt\u00e4in kiitollisia. Tervetuloa Nordic Panel -paneliin!<br \/>\nHaluamme kertoa, millaisia sinua koskevia tietoja me ja muut yritykset voimme ker\u00e4t\u00e4. Tekemist\u00e4si valinnoistasi riippuen voimme ker\u00e4t\u00e4 kahdenlaisia sinua koskevia tietoja:<\/p>\n<p><b><br \/>\n1.\tPANEELIN PROFIILITIEDOT<br \/>\n2.\tTUTKIMUSTIEDOT<\/b><\/p>\n<p>Alla avattuna n\u00e4m\u00e4 kaksi m\u00e4\u00e4ritelm\u00e4\u00e4:<\/p>\n<p><b>1.\tPANEELIN PROFIILITIEDOT<\/b><\/p>\n<p>Panelin profiilitietoja k\u00e4ytet\u00e4\u00e4n Nordic Panel-paneelin hallinnointiin ja tutkimuskutsujen l\u00e4hett\u00e4miseen. Nepa voi my\u00f6s \u2013 k\u00e4sittelij\u00e4n tai alihankkijana toimivan k\u00e4sittelij\u00e4n v\u00e4lityksell\u00e4 \u2013 k\u00e4sitell\u00e4 panelin profiilitietoja antaakseen toisille yrityksille mahdollisuuden l\u00e4hett\u00e4\u00e4 sinulle kutsuja tutkimuksiin. N\u00e4iss\u00e4 tilanteissa n\u00e4ille yrityksille ei luovuteta sellaisia panelin profiilitietoja, jotka voidaan yhdist\u00e4\u00e4 yksitt\u00e4iseen henkil\u00f6\u00f6n. <\/p>\n<p><b>Paneelin profiilitietojesi k\u00e4sittely \u2013 Paneelin omistajan tietosuojak\u00e4yt\u00e4nt\u00f6<\/b><br \/>\nKun luot tilin Nordic Panel-paneeliin, solmit sopimuksen Nepa-yrityksen kanssa. Nepa on rekisterinpit\u00e4j\u00e4, joten haluamme kertoa, millaisia sinua koskevia paneelin profiilitietoja s\u00e4ilyt\u00e4mme. <\/p>\n<p>1A. Rekister\u00f6intitiedot<br \/>\n2A. Taustatiedot <\/p>\n<p>Tiedot, joita annat meille rekister\u00f6ityess\u00e4si (rekister\u00f6intitiedot) ja vastaukset, joita annat kysymyksiin, joihin pystyt vastaamaan kirjautuessasi sis\u00e4\u00e4n panelin tilillesi (taustatiedot), auttavat meit\u00e4 ja muita yrityksi\u00e4 valikoimaan sopivampia kyselyj\u00e4, joihin kutsumme sinua osallistumaan. Alla kuvataan eri tietotyypit lyhyesti.<\/p>\n<p><b>1A. Rekister\u00f6intitiedot <\/b><br \/>\nRekister\u00f6ityess\u00e4si annat s\u00e4hk\u00f6postiosoitteesi ja vastaat muutamaan esitt\u00e4m\u00e4\u00e4mme rekister\u00f6intikysymykseen. N\u00e4m\u00e4 ovat tietoja, joita tarvitsemme voidaksemme l\u00e4hett\u00e4\u00e4 sinulle kyselyj\u00e4 tulevaisuudessa.<\/p>\n<p><b>1B. Taustatiedot<\/b><br \/>\nKun kirjaudut panelitilillesi, n\u00e4yt\u00f6lle tulee kysymyksi\u00e4, joihin vastaaminen on vapaaehtoista. N\u00e4ihin kysymyksiin antamasi vastaukset tallennetaan taustatietoina. Mit\u00e4 useampiin kysymyksiin vastaat, sit\u00e4 todenn\u00e4k\u00f6isemmin sinut kutsutaan uusiin kyselyihin, ja useammat kyselyt tarkoittavat lis\u00e4\u00e4 korvauksia.<\/p>\n<p><b>Paneelin profiilitietojesi k\u00e4sittelyst\u00e4 vastaa<\/b><br \/>\n[Official name of client] (&#8220;Nepa&#8221;) rekisterinpit\u00e4j\u00e4. Me Nepa -yhti\u00f6ss\u00e4 jaamme tietoja k\u00e4sittelij\u00e4mme, tutkimusyritys Nepa Sweden AB:n (&#8220;Nepa&#8221;) kanssa, joka hallinnoi Nordic Panel-paneelia puolestamme, sek\u00e4 alihankkijana toimivan k\u00e4sittelij\u00e4n, Cint AB:n (&#8220;Cint&#8221;), kanssa, joka vastaa teknisest\u00e4 ymp\u00e4rist\u00f6st\u00e4 Nordic Panel-paneelin takana. Joskus me Nepa -yhti\u00f6ss\u00e4, Nepa ja Cint k\u00e4yt\u00e4mme tavarantoimittajia, joilla on ehk\u00e4 tarvetta k\u00e4sitell\u00e4 tietojasi, mutta me Nepa -yhti\u00f6ss\u00e4 vastaamme aina siit\u00e4, ett\u00e4 tietojasi k\u00e4sitell\u00e4\u00e4n GDPR:n, EU:n yleisen tietosuoja-asetuksen 2016\/679 mukaisesti ja ett\u00e4 niiden k\u00e4sittelyst\u00e4 on olemassa asianmukaiset sopimukset. K\u00e4ytt\u00e4m\u00e4mme k\u00e4sittelij\u00e4 ja alihankkijoina toimivat k\u00e4sittelij\u00e4t ovat seuraavat: <\/p>\n<p>Nepa = rekisterinpit\u00e4j\u00e4 <br \/>\nNepa = k\u00e4sittelij\u00e4<br \/>\nCint = alihankkijana toimiva k\u00e4sittelij\u00e4<\/p>\n<p>Panelistina Nordic Panel-paneelissa hyv\u00e4ksyt sen, ett\u00e4 tietojasi voidaan l\u00e4hett\u00e4\u00e4 EU:n\/ETA:n ulkopuolisiin maihin.<\/p>\n<p><b>2.\tTUTKIMUSTIEDOT<\/b><br \/>\nNordic Panel-paneelin j\u00e4senen\u00e4 sinulla on oikeus tulla kutsutuksi mukaan kyselyihin, joita l\u00e4hetet\u00e4\u00e4n sinulle Nepa -yhti\u00f6n puolesta, mutta my\u00f6s muiden yritysten puolesta, jotka haluavat tehd\u00e4 kyselytutkimuksia. Voit vapaasti valita, haluatko osallistua kyselytutkimuksiin.<\/p>\n<p><b>Tutkimustietojesi k\u00e4sittely <\/b><br \/>\nRiippuen siit\u00e4, mihin annat luvan, Nepa -yhti\u00f6ll\u00e4 ja muilla yhti\u00f6ill\u00e4 on mahdollisuus ker\u00e4t\u00e4 sinuun liittyvi\u00e4 tutkimustietoja. Ker\u00e4\u00e4mist\u00e4mme tutkimustiedoista k\u00e4ytet\u00e4\u00e4n nimityst\u00e4 <\/p>\n<p>2A. Kyselytiedot<\/p>\n<p>Juuri ennen kuin vastaat ensimm\u00e4iseen kyselyysi, sinulta pyydet\u00e4\u00e4n suostumusta siihen, millaisia sinua koskevia kyselytietoja voidaan ker\u00e4t\u00e4. Voit milloin tahansa kirjautua paneelin j\u00e4sentilillesi ja tarkistaa ja halutessasi perua antamasi suostumukset. Alla on lyhyt kuvaus kyselytiedoista.<\/p>\n<p><b>2A. Kyselytiedot<\/b><br \/>\nKaikilla kyselyill\u00e4, joita sinulle l\u00e4het\u00e4\u00e4n paneelin j\u00e4senyysaikanasi, on tietty ostaja. T\u00e4m\u00e4 ostaja voi, kuten jo mainitsimme, olla Nepa tai jokin muu yritys. Kun p\u00e4\u00e4t\u00e4t vastata kyselyyn, luovutat kyseiselle ostajalle itse\u00e4si koskevia tietoja. Kyselyiden tuloksia k\u00e4ytet\u00e4\u00e4n ainoastaan kootussa ja anonymisoidussa muodossa. Jos kyselyss\u00e4 antamiasi vastauksia k\u00e4ytet\u00e4\u00e4n jollain muulla tavalla, siit\u00e4 kerrotaan sinulle selke\u00e4sti, ennen kuin voit aloittaa kysymyksiin vastaamisen. Voit aina halutessasi j\u00e4tt\u00e4\u00e4 vastaamatta n\u00e4ihin kyselyihin. <\/p>\n<p><b>Vastuu tutkimustietojesi k\u00e4sittelyst\u00e4<\/b><br \/>\nOstaja on rekisterinpit\u00e4j\u00e4, joka vastaa kussakin kyselyss\u00e4 ker\u00e4ttyjen, sinua koskevien tutkimustietojen hallinnasta. Kyselyihin osallistuminen ja kysymyksiin vastaaminen on vapaaehtoista. Vastaamalla kyselyn sis\u00e4lt\u00e4m\u00e4\u00e4n kysymykseen hyv\u00e4ksyt siten sen, ett\u00e4 ostajat ker\u00e4\u00e4v\u00e4t ja tallentavat vastauksen ja k\u00e4sittelev\u00e4t sit\u00e4. Jos sinulle esitet\u00e4\u00e4n kysymys etk\u00e4 halua antaa ostajalle oikeutta vastauksen ker\u00e4\u00e4miseen, tallentamiseen ja k\u00e4sittelyyn, \u00e4l\u00e4 vastaa kysymykseen.<\/p>\n<p><b>K\u00c4YTT\u00c4J\u00c4SOPIMUS <\/b><br \/>\nNapsauta <a href=\"https:\/\/nordicpanel.com\/suomi\/useragreement_nepafi\/\">t\u00e4st\u00e4<\/a> lukeaksesi koko k\u00e4ytt\u00e4j\u00e4sopimuksen.<\/p>\n<p><p><b>YHTEYDENOTTO<\/b><br \/>\nJos sinulla on kysytt\u00e4v\u00e4\u00e4 panelin j\u00e4senyydest\u00e4si tai ker\u00e4tt\u00e4vist\u00e4, sinua koskevista tiedoista, ota yhteytt\u00e4: <a href=\"mailto:info@nordicpanel.com\">info@nordicpanel.com<\/a>.<\/p>\n","protected":false},"excerpt":{"rendered":"<p>TIETOSI Kiitos kiinnostuksestasi Nordic Panel-paneelia kohtaan. Paneelin j\u00e4senyytesi tarjoaa mahdollisuuden todelliseen vaikuttamiseen ja osallistumiseen t\u00e4rkeiden p\u00e4\u00e4t\u00f6sten tekemiseen sek\u00e4 Nepan ett\u00e4 [&hellip;]<\/p>\n","protected":false},"author":1,"featured_media":0,"parent":0,"menu_order":0,"comment_status":"closed","ping_status":"closed","template":"","meta":{"footnotes":""},"class_list":["post-438","page","type-page","status-publish","hentry"],"_links":{"self":[{"href":"https:\/\/nordicpanel.com\/suomi\/wp-json\/wp\/v2\/pages\/438"}],"collection":[{"href":"https:\/\/nordicpanel.com\/suomi\/wp-json\/wp\/v2\/pages"}],"about":[{"href":"https:\/\/nordicpanel.com\/suomi\/wp-json\/wp\/v2\/types\/page"}],"author":[{"embeddable":true,"href":"https:\/\/nordicpanel.com\/suomi\/wp-json\/wp\/v2\/users\/1"}],"replies":[{"embeddable":true,"href":"https:\/\/nordicpanel.com\/suomi\/wp-json\/wp\/v2\/comments?post=438"}],"version-history":[{"count":5,"href":"https:\/\/nordicpanel.com\/suomi\/wp-json\/wp\/v2\/pages\/438\/revisions"}],"predecessor-version":[{"id":536,"href":"https:\/\/nordicpanel.com\/suomi\/wp-json\/wp\/v2\/pages\/438\/revisions\/536"}],"wp:attachment":[{"href":"https:\/\/nordicpanel.com\/suomi\/wp-json\/wp\/v2\/media?parent=438"}],"curies":[{"name":"wp","href":"https:\/\/api.w.org\/{rel}","templated":true}]}}