{"id":6,"date":"2015-01-20T00:39:24","date_gmt":"2015-01-20T00:39:24","guid":{"rendered":"http:\/\/pexetothemes.com\/demos\/story_demos\/business\/?page_id=5"},"modified":"2021-06-04T16:30:31","modified_gmt":"2021-06-04T16:30:31","slug":"hem","status":"publish","type":"page","link":"https:\/\/nordicpanel.com\/denmark\/","title":{"rendered":"Hjem"},"content":{"rendered":"<div class=\"section-full-width section-light2\" style=\"background-color:#f7f7f7;\" id=\"3-stegsprocess\"><div class=\"section-boxed\" style=\"color:#777777;\"><h2 class=\"section-title\" style=\"color:#252525;\">3-STEGSPROCESS<\/h2><\/p>\n<h5 style=\"text-align: center;\"><\/h5>\n<h5><\/h5>\n<div class=\"services-wrapper services-icon cols-wrapper cols-3 pexeto-parallax\"><div class=\"services-box col\"><div class=\"img-container\"><img decoding=\"async\" src=\"https:\/\/nordicpanel.com\/denmark\/wp-content\/uploads\/2017\/03\/register-130x130.png\" alt=\"Registrering\"\/><\/div><div class=\"services-content\"><div class=\"sc-wraper\"><h3>Registrering<\/h3><p>For at blive medlem af Nordic Panel skal du udfylde den registreringsformular, du finder ved at klikke p\u00e5 registreringsknappen \u00f8verst eller nederst p\u00e5 denne side. Dit medlemskab er b\u00e5de frivilligt og gratis og tager normalt mellem 5 og 10 minutter at gennemf\u00f8re.<\/p><\/div><\/div><\/div><div class=\"services-box col\"><div class=\"img-container\"><img decoding=\"async\" src=\"https:\/\/nordicpanel.com\/denmark\/wp-content\/uploads\/2017\/03\/survey-130x130.png\" alt=\"Unders\u00f8gelser\"\/><\/div><div class=\"services-content\"><div class=\"sc-wraper\"><h3>Unders\u00f8gelser<\/h3><p>Som medlem af det nordiske panel inviterer vi dig til forskellige unders\u00f8gelser fra os og fra eksterne akt\u00f8rer. Unders\u00f8gelserne varierer og ber\u00f8rer emner som reklame, dine medievaner og underholdning generelt.<\/p><\/div><\/div><\/div><div class=\"services-box col nomargin\"><div class=\"img-container\"><img decoding=\"async\" src=\"https:\/\/nordicpanel.com\/denmark\/wp-content\/uploads\/2017\/03\/reward-130x130.png\" alt=\"Bliv bel\u00f8nnet\"\/><\/div><div class=\"services-content\"><div class=\"sc-wraper\"><h3>Bliv bel\u00f8nnet<\/h3><p>Som tak for din deltagelse vil du blive erstattet af incitamenter. Erstatningen varierer afh\u00e6ngigt af unders\u00f8gelsens l\u00e6ngde og sv\u00e6rhedsgrad.<\/p><\/div><\/div><\/div><div class=\"clear\"><\/div><\/div>\n<p>\n<\/div><\/div>\n<div class=\"section-full-width section-dark parallax-fixed\" style=\"background-color:#252525;\" id=\"nordic-panel\"><div style=\"background-image:url(https:\/\/nordicpanel.com\/denmark\/wp-content\/uploads\/2017\/03\/banner-3.jpg); opacity:0.5; filter: alpha(opacity=50);\" class=\"full-bg-image\" ><\/div><div class=\"section-boxed\" style=\"color:#ffffff;\"><h2 class=\"section-title\" style=\"color:#ffffff;\">nordic-panel<\/h2><p>&nbsp;<\/p>\n<p><center><br \/>\n<!-- \n\n\n\n<div class=\"iframesetting\"><iframe loading=\"lazy\" id=\"regFrame\" src=\"https:\/\/www.cint.com\/registration\/Template07.aspx?GUID=0533f5cf-e288-4833-95b6-92af055fa4c8\" name=\"registration\" width=\"100%\" height=\"500\" frameborder=\"0\" scrolling=\"no\" data-mce-fragment=\"1\"><\/iframe><\/div>\n\n\n\n --><\/p>\n<section id=\"cint_portal\">\n    <noscript>Please enable JavaScript to view the panelist portal<\/noscript><br \/>\n<\/section>\n<p><script>\n    function cint_config() {\n        this.panelGuid = \"0533f5cf-e288-4833-95b6-92af055fa4c8\";\n    };\n<\/script><br \/>\n<script src=\"https:\/\/panelist.cint.com\/assets\/embed.min.js\"><\/script><br \/>\n&nbsp;<\/p>\n<p><\/center><\/p>\n<\/div><\/div>\n","protected":false},"excerpt":{"rendered":"","protected":false},"author":1,"featured_media":410,"parent":0,"menu_order":0,"comment_status":"open","ping_status":"open","template":"template-full-custom.php","meta":{"footnotes":""},"class_list":["post-6","page","type-page","status-publish","has-post-thumbnail","hentry"],"_links":{"self":[{"href":"https:\/\/nordicpanel.com\/denmark\/wp-json\/wp\/v2\/pages\/6"}],"collection":[{"href":"https:\/\/nordicpanel.com\/denmark\/wp-json\/wp\/v2\/pages"}],"about":[{"href":"https:\/\/nordicpanel.com\/denmark\/wp-json\/wp\/v2\/types\/page"}],"author":[{"embeddable":true,"href":"https:\/\/nordicpanel.com\/denmark\/wp-json\/wp\/v2\/users\/1"}],"replies":[{"embeddable":true,"href":"https:\/\/nordicpanel.com\/denmark\/wp-json\/wp\/v2\/comments?post=6"}],"version-history":[{"count":1,"href":"https:\/\/nordicpanel.com\/denmark\/wp-json\/wp\/v2\/pages\/6\/revisions"}],"predecessor-version":[{"id":503,"href":"https:\/\/nordicpanel.com\/denmark\/wp-json\/wp\/v2\/pages\/6\/revisions\/503"}],"wp:featuredmedia":[{"embeddable":true,"href":"https:\/\/nordicpanel.com\/denmark\/wp-json\/wp\/v2\/media\/410"}],"wp:attachment":[{"href":"https:\/\/nordicpanel.com\/denmark\/wp-json\/wp\/v2\/media?parent=6"}],"curies":[{"name":"wp","href":"https:\/\/api.w.org\/{rel}","templated":true}]}}