{"id":216,"date":"2016-03-10T12:57:49","date_gmt":"2016-03-10T12:57:49","guid":{"rendered":"http:\/\/musikpanelen.panelpreviews.com\/?page_id=216"},"modified":"2021-06-09T16:58:39","modified_gmt":"2021-06-09T16:58:39","slug":"how","status":"publish","type":"page","link":"https:\/\/nordicpanel.com\/denmark\/how\/","title":{"rendered":"S\u00e5dan fungerer det"},"content":{"rendered":"<h2 class=\"page-heading\">S\u00e5dan fungerer det<\/h2>\n<p>Der sendes en invitation til en unders\u00f8gelse til den e-mail, som du registrerer dig med. I e-mailen finder du information om unders\u00f8gelsens l\u00e6ngde samt et link, som bringer dig videre til unders\u00f8gelsen. Du skal besvare en r\u00e6kke sp\u00f8rgsm\u00e5l og dine svar sammenl\u00e6gges siden hen med svarene fra alle andre, som deltager. Du kan holde pause i unders\u00f8gelsen n\u00e5r som helst og forts\u00e6tte besvarelsen p\u00e5 et senere tidspunkt. Normalt tager hver unders\u00f8gelse 5-10 minutter.<\/p>\n<p>Unders\u00f8gelserne kan handle om mange forskellige emner. Du kan f.eks. skulle give din mening om din ynglingsis, svare p\u00e5 hvad som er godt eller d\u00e5rlig ved en hjemmeside eller bare frit associere over, hvilke f\u00f8lelser et varem\u00e6rke giver dig.<\/p>\n","protected":false},"excerpt":{"rendered":"<p>S\u00e5dan fungerer det Der sendes en invitation til en unders\u00f8gelse til den e-mail, som du registrerer dig med. I e-mailen [&hellip;]<\/p>\n","protected":false},"author":1,"featured_media":0,"parent":0,"menu_order":0,"comment_status":"closed","ping_status":"closed","template":"","meta":{"footnotes":""},"class_list":["post-216","page","type-page","status-publish","hentry"],"_links":{"self":[{"href":"https:\/\/nordicpanel.com\/denmark\/wp-json\/wp\/v2\/pages\/216"}],"collection":[{"href":"https:\/\/nordicpanel.com\/denmark\/wp-json\/wp\/v2\/pages"}],"about":[{"href":"https:\/\/nordicpanel.com\/denmark\/wp-json\/wp\/v2\/types\/page"}],"author":[{"embeddable":true,"href":"https:\/\/nordicpanel.com\/denmark\/wp-json\/wp\/v2\/users\/1"}],"replies":[{"embeddable":true,"href":"https:\/\/nordicpanel.com\/denmark\/wp-json\/wp\/v2\/comments?post=216"}],"version-history":[{"count":2,"href":"https:\/\/nordicpanel.com\/denmark\/wp-json\/wp\/v2\/pages\/216\/revisions"}],"predecessor-version":[{"id":511,"href":"https:\/\/nordicpanel.com\/denmark\/wp-json\/wp\/v2\/pages\/216\/revisions\/511"}],"wp:attachment":[{"href":"https:\/\/nordicpanel.com\/denmark\/wp-json\/wp\/v2\/media?parent=216"}],"curies":[{"name":"wp","href":"https:\/\/api.w.org\/{rel}","templated":true}]}}